Let g(h) be the second derivative of h**4/3 - h**2/2 - 5*h. Is g(2) prime?
False
Is 1/((-2)/4) + (-258)/(-2) a prime number?
True
Suppose -1 = 3*n - 25. Is 5/(-20) - (-778)/n a prime number?
True
Suppose -5 = -3*v - 0*r - r, -4*v = -5*r - 13. Let n be -2 + (-12)/(-2) - v. Suppose -w = -n - 55. Is w a prime number?
False
Suppose 5*o - 121 + 1 = 0. Let x(z) = -4*z - 1. Let i be x(3). Let r = o - i. Is r a composite number?
False
Let h = -18 - -38. Suppose -h*d + 19*d + 254 = 0. Is d prime?
False
Let d(o) = -o**3 - 3*o**2 + 16*o + 7. Is d(-12) composite?
True
Suppose -b + o = -67, b - 5*o - 20 = 47. Is b a composite number?
False
Suppose 3*m + m + 3*h - 1 = 0, 2*h = 2*m - 4. Suppose 0 = w - 122 + m. Is w a composite number?
True
Is -1 + (-1 - -1) - -16 prime?
False
Suppose -5*v = 103 - 273. Is v a prime number?
False
Let h(s) = s - 7. Let u be h(6). Let v be (1/(-3)*0)/u. Suppose v*y = 3*y - 69. Is y composite?
False
Suppose -2*k + 8 = 0, 3*q + 0 = 3*k - 15. Let f be q/(-2 + 1 + 2). Let o(a) = -36*a + 1. Is o(f) composite?
False
Let r(p) = 0 - 5 + 2 + 1 - p - 7*p**2 + 5*p**3. Is r(5) a prime number?
True
Let x(h) = h**3 + 9*h**2 - 7*h - 9. Let v be x(-8). Suppose 2*c - 199 = v. Is c composite?
True
Let q = -13 + 28. Is (18/q)/(6/165) prime?
False
Let r(q) = -105*q - 19. Let h(n) = 70*n + 13. Let t(b) = 7*h(b) + 5*r(b). Let m be t(-7). Suppose -2*l = 3*v - 359, 0*l + m = 2*v + 3*l. Is v a prime number?
False
Suppose 0 = 5*m + 2*c - 17705, 3*c - 2035 = 3*m - 12658. Is m a prime number?
True
Suppose -i = i + 12. Is (35/3)/((-2)/i) prime?
False
Let x(j) = -j - 1. Let o be x(8). Let s = 6 + o. Is (s/9)/((-1)/129) prime?
True
Let j(u) be the first derivative of 1/2*u**2 + 3 + 1/3*u**3 + 2*u. Is j(3) a prime number?
False
Is (-3 - 10)/(4/(-148)) composite?
True
Let w = 102 + -45. Is w prime?
False
Let r be -948*(12/(-9))/2. Suppose -2*q = 3*q - 5. Suppose -3*x = -q - r. Is x a prime number?
True
Let t(k) = 49*k**2 - 3*k + 3. Is t(-5) a prime number?
False
Let w(j) be the second derivative of 113*j**3/6 - 4*j**2 - j. Is w(5) composite?
False
Let z be (-3)/2*592/6. Is z/(-3) - (-1)/(-3) prime?
False
Let h be (-1)/((-15)/(-6) - 3). Suppose -h*u - 10 = 0, 2*u + u + 1 = x. Let f = x + 33. Is f a prime number?
True
Is 884/24 + (-5)/(-30) prime?
True
Is (-16 + 39)*(2 + 0) composite?
True
Let b(c) = 340*c - 15. Is b(5) prime?
False
Suppose 481 = f - 0*f. Is f composite?
True
Let j = 96 - 61. Suppose a + j = 102. Is a a prime number?
True
Let c(d) = -d - 7. Let h be c(-5). Let w be (-2)/5*(267 + h). Let p = w + 173. Is p prime?
True
Let b = -3 - -2. Is 14*(15/(-6))/b a composite number?
True
Let z(u) = u**2 - u + 52. Let b(j) = -3*j**2 + 3*j - 157. Let l(d) = -3*b(d) - 8*z(d). Is l(0) composite?
True
Let n(o) = -5*o + 6. Let v be n(6). Let j be v/(14/(-8) + 1). Suppose -31 = -3*i + j. Is i a composite number?
True
Let m = -1601 + -430. Is (1 + -3)*m/6 a prime number?
True
Let x(z) = z**2 + 17*z + 4. Let q(b) = -2*b**2 - 34*b - 9. Let c(j) = 3*q(j) + 5*x(j). Suppose -3*o = 2*a + 16 + 12, a = -5*o - 42. Is c(o) a prime number?
False
Suppose 3*i - 115 = 56. Is i a prime number?
False
Suppose -3*i + 3633 = -0*i. Is i composite?
True
Suppose -3*a = 5 + 7, 0 = b + a + 1. Let c(y) = 3 - y + 4*y**2 + 4*y**2 - b*y - 2*y. Is c(-5) a prime number?
True
Let u be (-6)/8 - 12/(-16). Let y(l) = 3*l**3 - 1 - l**3 + u*l**3 - 3*l**2 + 3*l. Is y(3) prime?
False
Is ((-3606)/(-4) + (3 - 4))*2 a composite number?
False
Let h(c) be the third derivative of -17*c**4/24 + 5*c**3/3 - 7*c**2. Is h(-9) prime?
True
Suppose -3 = s, -i - s = 2*i + 30. Let y be (42/9)/((-1)/i). Let u = y - 29. Is u a composite number?
False
Suppose 2*v - 63 + 3 = p, -p - 62 = -3*v. Let f = p + 87. Is f a prime number?
True
Let r = -5733 - -10588. Is r a composite number?
True
Suppose -5*d + 5*o + 19143 = 1598, 0 = d - 5*o - 3525. Is d a prime number?
False
Let t be 103 + -7 - -1*1. Let a = -51 + t. Is a a prime number?
False
Let t = 7 + 2. Is t a prime number?
False
Let x(d) = -d**2 - 23*d - 5. Is x(-11) composite?
False
Suppose 0 = -3*j + 5*j - 4. Let d be 1*0/((-4)/j). Is d + 39 - (-4 - -6) a composite number?
False
Let i = -99 - -187. Let v = i - 21. Suppose -f + v = -0*f. Is f prime?
True
Is (-85714)/85*10/(-4) a prime number?
True
Let k = -10 + 15. Let c(s) = s**3 + 2*s**2 - 2*s + 2. Let d be c(4). Suppose k*m - 475 = -d. Is m composite?
True
Is (417 + 5)*(-2)/(-4) a prime number?
True
Let d(z) be the first derivative of z**2/2 + 3*z + 3. Let i be d(0). Suppose -i*p + 154 = -n - 215, -372 = -3*p + 2*n. Is p a composite number?
True
Let b(l) = -2*l**3 + 4*l**2 + 12*l - 2. Let h(t) = 5*t**3 - 8*t**2 - 25*t + 5. Let k(p) = -7*b(p) - 3*h(p). Is k(-7) composite?
True
Let r(d) = d**2 - d - 1. Let g be r(3). Suppose g*m + 69 - 429 = 0. Suppose -5*t + 373 = -m. Is t a composite number?
False
Let d be (-363)/55 - (-2)/(-5). Let l(s) = -s**3 + 5*s**3 - 7 - 5*s**3 - 5*s**2 + 8*s. Is l(d) a composite number?
True
Is 1 - (-62 - (4 - 0)) a prime number?
True
Let w(x) = 2*x**2 + x - 1. Let h be w(1). Let v be h*2/4 - 3. Is v/6 - (-476)/6 prime?
True
Let w = 135 - 8. Is w a composite number?
False
Suppose 1 = 4*s - 19. Suppose -2*y + 95 = s*w - 41, -4*w + 107 = y. Let a = w + 5. Is a composite?
False
Let h be 4/(-12) - 1/(-3). Suppose h = 2*n - 3*u - 19, -2*n + 4 = -0*n + 2*u. Let z(c) = 6*c**2 - 7*c - 2. Is z(n) composite?
False
Let b(c) = -4*c**2 + 8*c - 5. Let w(t) = 4*t**2 - 7*t + 5. Let r(h) = 5*b(h) + 6*w(h). Is r(-4) a composite number?
True
Let j be (4 + -2)/((-2)/(-4)). Suppose j*v = -3*b + 73, -v + 3*b + 98 = 4*v. Is v a prime number?
True
Let s(n) = n**3 - 6*n**2 - 7*n - 2. Suppose -1 - 6 = -z. Let q be s(z). Is (0 + 6)*(-7)/q a prime number?
False
Suppose 2*u - 15 = -105. Let q = 122 + u. Is q prime?
False
Let y = 338 + 89. Is y a prime number?
False
Is 2/(14/24411) - (-12)/(-42) a composite number?
True
Let n(s) = -45*s**3 - 4*s**2 - 2*s. Let r be n(-2). Suppose r = 4*u - 0*u. Is u composite?
True
Suppose -4*k = 2*i - 57 - 77, k - 4*i - 47 = 0. Let x = 84 - k. Is x composite?
True
Suppose 0 = 7*c - 3*c - 20. Let n = -5 + c. Suppose -2*w + 10 = 0, n*w - 4*w + 179 = 3*s. Is s a composite number?
False
Let z(j) be the third derivative of -j**6/120 + 3*j**5/20 + 13*j**4/24 - 11*j**3/6 - 4*j**2. Is z(8) a composite number?
False
Suppose -6*t + 9*t - 2493 = 0. Is t a prime number?
False
Let p(d) = -2*d**2 - 2*d. Let z be p(-2). Is (z - -9)*(11 - 0) a prime number?
False
Suppose -5*z + 89 + 126 = 0. Is z prime?
True
Suppose -4*a = 5*u - 37, 0 = -a + 2*u - 6 - 1. Let n(b) = b**2 + b. Let w be n(-9). Suppose -12 = -3*p, s = a*s + 5*p - w. Is s composite?
True
Let q(l) = 37*l**2 - 9*l + 7. Is q(5) a composite number?
False
Suppose -8574 = 10*l - 27764. Is l a composite number?
True
Let q(w) = w**2 - 4*w. Suppose -4*i + 0*i = 4*v - 40, -i + 2*v = -13. Is q(i) composite?
True
Let d be 4 + 1/(4/(-12)). Is 1/(d/(-379)*-1) prime?
True
Let p(o) = 51*o - 23. Is p(10) composite?
False
Suppose -4*n + 15*n - 9977 = 0. Is n a composite number?
False
Let l = 4 - -6. Is l/25 - 966/(-10) a prime number?
True
Is 15/(1 + 4) + 3002 a composite number?
True
Let s be (-422)/(-3)*(-90)/(-20). Suppose 2*h + h - s = 0. Is h prime?
True
Suppose -4*j + 0*j = -3*r - 1505, 2*j = -3*r + 757. Is j composite?
True
Suppose 2*u + 180 = 510. Let w be (6 - 3) + 0/3. Suppose w*y + 0*y = u. Is y a composite number?
True
Suppose 5*q + 34 = 3*d, -5*d + 4*d - 7 = 2*q. Let z(a) = -a**3 - a**2 - 5*a + 2. Is z(q) prime?
True
Let z(p) = -p**3 + p**2 - 19*p - 4. Is z(-11) a prime number?
True
Suppose -3*s + 4*s = 1267. Is s prime?
False
Suppose 0 = 4*o + 5*j - 15, o - 6*j + j = 10. Suppose -3*a = -5*s - 0*a + 1018, -604 = -3*s - o*a. Is s prime?
False
Let u = 253 + 226. Is u prime?
True
Suppose 3*v - 425 = -2*v. Is v a composite number?
True
Is (-77)/1*19/(-19) a composite number?
True
Let p(t) be the third derivative of -1/30*t**5 - 1/6*t**3 - t**2 + 0 + 0*t - 1/12*t**6 + 1/24*t**4. Is p(-2) composite?
True
Suppose -1253 = -4*c - 5*z, -3*c + 1175 = -5*z + 279. Is c a composite number?
False
Let y = 851 + -400. Is y a prime number?
False
Let u(l) = l**2 + 6*l - 9. Let j = 7 + -5. Suppose 3*p - j*z = -28, 3*p + 3*z = -5 - 13. Is u(p) a composite number?
Fal